e 3, what is 1 + 2002121201122?
2002121201200
In base 16, what is 124c + -2b?
1221
In base 16, what is 11 - -40f?
420
In base 14, what is -12cd + -2?
-12d1
In base 14, what is 166c7 - a?
166bb
In base 4, what is 121 - 3003121?
-3003000
In base 11, what is 75 + 306?
380
In base 10, what is -5 - 95572?
-95577
In base 13, what is -5798 + 5b?
-573a
In base 16, what is -1c + bf0?
bd4
In base 12, what is -658 + 37?
-621
In base 16, what is -4 + 94db?
94d7
In base 2, what is -11010100100011 + -10010?
-11010100110101
In base 13, what is 1 + -2ac9?
-2ac8
In base 2, what is -110000100101100 + -111?
-110000100110011
In base 13, what is -1 - -17b21?
17b20
In base 10, what is 30 + -12506?
-12476
In base 16, what is 1ffe + -6?
1ff8
In base 9, what is -4 - -48746?
48742
In base 3, what is -111101121101011 + 10?
-111101121101001
In base 16, what is -42 - 44c?
-48e
In base 9, what is -2012 - 2550?
-4562
In base 6, what is 11024214 - 0?
11024214
In base 8, what is -116037 - 5?
-116044
In base 12, what is -b - 411a?
-4129
In base 3, what is -121011212122 - 0?
-121011212122
In base 13, what is 4 + -170917?
-170913
In base 11, what is 2 + 820a?
8211
In base 15, what is -405b - 4?
-4060
In base 13, what is -60 + 1b4?
154
In base 4, what is 1333220 - -10?
1333230
In base 14, what is 8027 + -22?
8005
In base 5, what is 31000 - 40?
30410
In base 15, what is -c740 + 1?
-c73e
In base 12, what is 9 - -11b0?
11b9
In base 7, what is 1510 + 23?
1533
In base 15, what is 5 + -1ced3?
-1cecd
In base 9, what is 286857 - -1?
286858
In base 5, what is 1241 - 13343?
-12102
In base 11, what is -6a68 - -56?
-6a12
In base 4, what is 11 + -313010021?
-313010010
In base 4, what is -330020 - -200?
-323220
In base 3, what is 0 + 2002202101?
2002202101
In base 13, what is 5 + -7ac5?
-7ac0
In base 2, what is 11011000010010111011 - 1?
11011000010010111010
In base 13, what is -11213 - -8?
-11208
In base 4, what is 0 + -100333011?
-100333011
In base 15, what is 466d63 + 3?
466d66
In base 10, what is -124 - -257?
133
In base 3, what is -110100 - 11?
-110111
In base 8, what is 4 - -206627?
206633
In base 5, what is -2311110 + 10?
-2311100
In base 13, what is 88acb - 0?
88acb
In base 5, what is 241 - -100123?
100414
In base 11, what is 2089 - a?
207a
In base 4, what is 10 + 11301220202?
11301220212
In base 4, what is -3 - 2200?
-2203
In base 16, what is -39a - 7?
-3a1
In base 6, what is 11 - 220001?
-215550
In base 6, what is 4 + -501410?
-501402
In base 12, what is -92342 + -4?
-92346
In base 6, what is 522220 + 2?
522222
In base 2, what is -10110101 + -11011?
-11010000
In base 9, what is 340 - 5324?
-4874
In base 14, what is -384 - -8?
-37a
In base 11, what is 93655 + 11?
93666
In base 6, what is -10 + 1301410?
1301400
In base 16, what is -ba2 - -4c?
-b56
In base 8, what is -2351 - 12?
-2363
In base 6, what is 210 - 323250?
-323040
In base 4, what is 22 + 110101?
110123
In base 4, what is 21331302 + -1303?
21323333
In base 7, what is 6463 - -343?
10136
In base 13, what is 5c - -98a1?
9930
In base 9, what is 18288 + 23?
18322
In base 12, what is 1b62 + -10?
1b52
In base 11, what is 22 - 1461?
-143a
In base 15, what is 93 - d6?
-43
In base 5, what is -4112 + 40?
-4022
In base 3, what is -2 + -102210120?
-102210122
In base 2, what is -1010111111010 - 1000?
-1011000000010
In base 8, what is 15 - -223631?
223646
In base 16, what is -4 - -ee9?
ee5
In base 9, what is -1 - 1114084?
-1114085
In base 12, what is 386 + 2157?
2521
In base 16, what is -5 - -bc80?
bc7b
In base 3, what is 200112000220 - -2?
200112000222
In base 8, what is -423516 - -5?
-423511
In base 9, what is -1383 - 346?
-1740
In base 9, what is -60 - -4307?
4237
In base 13, what is -37 + 45837?
45800
In base 14, what is 179b63 - -a?
179b6d
In base 7, what is 26310535 - 4?
26310531
In base 12, what is 5aa1 - 3?
5a9a
In base 2, what is 11100 + 11000111?
11100011
In base 13, what is 0 + -35861?
-35861
In base 4, what is -10200130322 + 2?
-10200130320
In base 8, what is 1 + -271315?
-271314
In base 12, what is 1 - -114?
115
In base 11, what is 15883 - 2?
15881
In base 5, what is -110343 - -212?
-110131
In base 5, what is 1032303 - -323?
1033131
In base 14, what is -21080 - c?
-2108c
In base 15, what is 5 - 153d4b?
-153d46
In base 3, what is 11 + 220101010?
220101021
In base 13, what is -4 + 62621?
6261a
In base 15, what is 3 + 8c6bb?
8c6be
In base 3, what is 11201122011010 - 0?
11201122011010
In base 9, what is -868 + 1118?
140
In base 15, what is -5dec - 3?
-5e00
In base 9, what is -2386577 + 0?
-2386577
In base 12, what is 2bb5 + -50?
2b65
In base 7, what is -122443123 - -5?
-122443115
In base 7, what is 1 - 33616?
-33615
In base 13, what is -3 + 13a85?
13a82
In base 10, what is 4 + 32347?
32351
In base 11, what is -24a + a3?
-157
In base 13, what is 576 - 1108?
-862
In base 13, what is -b - -11b92?
11b84
In base 3, what is -220 + -200100?
-201020
In base 3, what is 2012102222 - -1?
2012110000
In base 8, what is 10 + 2527?
2537
In base 9, what is 8 - 145442?
-145433
In base 11, what is 372 + -29?
344
In base 5, what is -3303 - 324040?
-332343
In base 7, what is -203 + 1141?
635
In base 11, what is 7 + -2216?
-220a
In base 7, what is -6305153 - 4?
-6305160
In base 15, what is -15be + -8?
-15c7
In base 5, what is -12131413 - 104?
-12132022
In base 10, what is -445313 + -2?
-445315
In base 7, what is 4 + -11263201?
-11263164
In base 9, what is 1214 - -115?
1330
In base 11, what is 45 + 213a?
2184
In base 3, what is 1112122022 - 0?
1112122022
In base 5, what is 24 + 12134414?
12134443
In base 13, what is 200 + 4a0?
6a0
In base 12, what is 0 + 1107?
1107
In base 15, what is -1 + 2609d?
2609c
In base 10, what is 4 - -13245?
13249
In base 9, what is -114 + -3485?
-3610
In base 8, what is -1 - -17761?
17760
In base 6, what is -5 - -2524343?
2524334
In base 8, what is -2 - -13755?
13753
In base 4, what is 2022030 + 3?
2022033
In base 2, what is -1110000011100100 + -110?
-1110000011101010
In base 2, what is -1101100111101111001 - -100?
-1101100111101110101
In base 6, what is 1133 + -425?
304
In base 10, what is -4 - -54542?
54538
In base 8, what is 5 - 301513?
-301506
In base 14, what is 38332 - -1?
38333
In base 10, what is -12783 + -9?
-12792
In base 16, what is -28806 - 6?
-2880c
In base 4, what is 203 - -1122?
1331
In base 4, what is -11 - 13132123?
-13132200
In base 2, what is 1 - 100011101000110?
-100011101000101
In base 3, what is 22 - -21102211?
21110010
In base 15, what is -1c + -1089?
-10a6
In base 11, what is -1768901 - 2?
-1768903
In base 6, what is 1 - 51232?
-51231
In base 7, what is 34342 - 6?
34333
In base 6, what is -411 + 115?
-252
In base 6, what is -245230 - 22?
-245252
In base 7, what is -1305121 + 2?
-1305116
In base 10, what is -2 + -13341?
-13343
In base 11, what is 11 + -12843?
-12832
In base 15, what is 56 - 67b8?
-6762
In base 16, what is 47 + -e2?
-9b
In base 14, what is -12d - -8a?
-83
In base 11, what is -37536 - 5?
-37540
In base 9, what is 2 - 17344?
-17342
In base 5, what is 102100003 - -23?
102100031
In base 13, what is ca - -c?
109
In base 16, what is -503e7 - 5?
-503ec
In base 10, what is 263 - 9?
254
In base 2, what is 10011100101 - -1101011010?
100000111111
In base 7, what is 56655 - 116?
56536
In base 13, what is 2 - 1b1bb?
-1b1b9
In base 12, what is -5 + -6b2?
-6b7
In base 11, what is -3 - 8578a3?
-8578a6
In base 5, what is -440343 - 0?
-440343
In base 9, what is 4517 + -211?
4306
In base 5, what is -1344203 - 24?
-1344232
In base 9, what is -53 - -4654?
4601
In base 7, what is 154 - 10401?
-10214
In base 9, what is 0 - -83273?
83273
In base 9, what is 2 - 37504?
-37502
In base 13, what is 185 - -1c4?
379
In base 16, what is 2169 + -7?
2162
In base 9, what is -540022 - 4?
-540026
In base 15, what is 15d2 + 22?
1604
In base 4, what is -101120213 - 2?
-101120221
In base 13, what is a + -21931?
-21924
In base 3, what is -2 + 21001111111?
21001111102
In base 10, what is -26633 + -4?
-26637
In base 7, what is 326630 - 41?
326556
In base 11, what is -183a0 - 5?
-183a5
In base 2, what is -11111001101110001110 + 0?
-11111001101110001110
In base 16, what is -12e - 22?
-150
In base 9, what is 122785 - 10?
122775
In base 14, what is 6145 + 0?
6145
In base 16, what is -454 - -17d?
-2d7
In base 14, what is -9ddb6 - 3?